late -5 + -21 + 13 + (-2 - 0) + -15.
-30
What is (40 - 52) + 26 + -12 + (-8 - (-22 - -11))?
5
-46 - (1 + 11 + -7 + 8 + -4 - 12)
-43
Calculate -105 + (30 + 122 - 89).
-42
What is the value of -74 + -78 - -132 - (0 - -30 - -1)?
-51
-12 + (30 - 1) + -1832 + 1831
16
Calculate 159 - (-42 - (-254 + 141)).
88
Evaluate (8 + 1 - 1) + -60 + 2.
-50
Evaluate 1 + 31 + 0 - (-1693 + 1696).
29
What is -82 + -23 + 70 + 77?
42
What is the value of (-8 - 21 - -11 - 10) + 14 + -1?
-15
Calculate -57 + -15 + 37 + 78.
43
-45 + (5 - 1) + (-1 - (-9 - (-12 - 2)))
-47
Evaluate -1 - 4 - ((-172 - -207) + -2 + -6).
-32
Evaluate 44 + (-54 - -14) + -48.
-44
Calculate -24 - (-83 + (-7 - (15 + -25)) + 2).
54
What is the value of -38 - -87 - (-17 + 25)?
41
What is -78 - ((29 - 42) + -2 + 2 + 18)?
-83
What is the value of -25 + 0 - ((24 - 3) + -13 - -2)?
-35
What is the value of -91 + 5 + (-3140 - -3107)?
-119
Calculate -15 + (-16 - -20 - (-35 + 15)) - (-45 - 2).
56
What is 2 - (-15 - (17 + -40)) - 48?
-54
Evaluate 9 + 17 + (-1 - (3 + -2)).
24
Calculate 0 + (-1 - 1) - -9 - (134 + -34 + -20).
-73
31 + (-31 - (62 - 21))
-41
What is the value of -1 + 13 + -13 + -64 + 0 + 16 + -8?
-57
What is the value of 34 + (4 + -6 - (8 - -1))?
23
What is the value of 60 - (6 + -6) - (30 - (-29 - -64))?
65
Calculate 69 + 0 + (14 - 23 - 6) + 13 + -9.
58
(14 - (23 + -45) - 34) + -5
-3
What is (41 - (15 + 10)) + 7 + 11 - 13?
21
Calculate 1 + -1 + 114 + -47 + -67 - 7.
-7
What is the value of 344 + -360 + (-2 - (-10 + 6) - 102)?
-116
7 + -29 - (-28 + -23)
29
Calculate 0 + (-2 - (-2 - 4) - (331 + -331)) + -8.
-4
Evaluate (-60 + -6 - -7) + -70 + 93.
-36
Evaluate -3 + -71 - (-133 + 110 + (13 - 0)).
-64
Calculate 223 - 174 - (0 - (-8 + (-5 - (-6 + 1)))).
41
Calculate -21 + 13 + -12 - -4 - -14.
-2
Calculate -75 + (-63 + -43 - -113).
-68
What is the value of -72 - (109 + -64 - 87)?
-30
Calculate (0 - 3) + (-19 - (-14 + 14) - 28).
-50
-5 + (-9 + -8 + 27 + -96 - (-8 + 1))
-84
What is (11 - 38 - 22) + 116?
67
-2 - (-65 - -3) - (16 + 9 + -14)
49
What is (3 - ((11 - -28) + -4)) + -55?
-87
What is (5 + -7 + 84 - -5) + (-8 - 6)?
73
What is 10 + (-155 - -159 - (-2 - 14))?
30
(120 - (-5 + 123)) + 20 + 1
23
Calculate -122 + (3 - 115 - -185).
-49
Evaluate -23 + 40 + 34 + -20.
31
5 - (-1 - -48) - (35 - (-10 - -34))
-53
Evaluate -1 + (6 - (-21 - -38 - 33)).
21
Evaluate (3 - 15 - (-16 + -34 + 32)) + -10.
-4
What is the value of (-14 - (-11 - -3)) + (-21 - (25 + -9))?
-43
Evaluate 6 + (-60 + 34 - -26).
6
What is the value of -45 - (-6 + -51 - -1)?
11
What is (38 + -132 + 10 - -32) + -10?
-62
What is -2 - (13 - (-20 - -26)) - 19?
-28
What is the value of 84 - 28 - (54 + -113)?
115
(-48 - -56 - -6) + (-23 - -4)
-5
Evaluate 19 + 19 + -14 + -66 + 15 + -2 + -7.
-36
What is 23 + -41 + 45 + 15?
42
What is the value of 27 - (-18 + 5) - 19 - -37?
58
-15 + 1 + 15 + (0 - 0) + -14
-13
-53 + -67 + -13 + 83
-50
Evaluate 1 + 28 + -4838 + 4786.
-23
What is -7 - 7 - -1 - (21 - 26) - 0?
-8
What is the value of 49 + (45 + -98 - -61)?
57
80 - (86 + -33 - 14)
41
Evaluate -5 - 20 - -28 - (15 - 7 - 23).
18
-4 + -10 - (445 - 481)
22
Calculate 25 - (-52 + 87 - -15).
-25
What is the value of 11 + (19 - 10 - 18) - (-17 + 76)?
-57
What is the value of -13 + -1 + (-61 - (107 - 152))?
-30
What is the value of (-1 - -5) + -28 + -597 + 599?
-22
What is the value of 17 + 14 - (22 - -25)?
-16
Evaluate -33 - (9 - (-14 - -39 - 23)).
-40
Evaluate 5 + 0 - (1621 + -1660).
44
Calculate 77 + (-17 - (7 + 3 + -28)) - 7.
71
Calculate 4016 + -3899 - (0 - -140).
-23
Evaluate 1 + (3 + -1 - (3 + -31)) + (500 - 509).
22
What is the value of 25 - -1 - (412 + -402)?
16
What is the value of -201 + 338 + (-91 - 41)?
5
(2 - 48) + 351 + -316 - -34
23
36 - (65 - (-16 - -41))
-4
What is (1 - 2) + -19 + -1386 + 1419?
13
Evaluate (10 + -15 - -5 - (65 - 3)) + (0 - -7).
-55
Calculate (-2 - -3) + (2 - -3) - (-1 + (-10 - -10)).
7
What is the value of (-2 - -3) + -8 - (899 - 911 - (24 - 2))?
27
Evaluate -1 + 3 - (-65 + 71) - (-3 - -39).
-40
What is 2113 + -2166 + -16 + 1 + (1 - (4 + -7))?
-64
What is the value of 0 + 2 - (-6 + -18 + 8 - -11)?
7
What is -4 - (-42 - (-31 - -48))?
55
Calculate -88 - (-77 - 57 - -134).
-88
What is the value of -121 + (36 - -68) + -91?
-108
What is 6 - (49 + -17 + -12 - -53)?
-67
What is -12 - (13 + (-17 - (0 + 0 + -5)))?
-13
What is -81 + 81 + 95 - 158?
-63
What is the value of 113 + 11 + (-16 + (1 - 0) - (239 - 230))?
100
18 + (-24 - -63) + -10 + -8
39
What is the value of (123 - (82 + -80)) + -65?
56
What is the value of (-24 - 18) + -13 + 31?
-24
Evaluate 24 + (118 - 194) + (-5 - (1 + 1 + -1)).
-58
What is -62 - (-186 + 49 + 27)?
48
(-9 - (-33 - 11) - 7 - 14) + -35
-21
Evaluate -6 + (27 - 11 - 12 - -15) - (6 + 1).
6
What is the value of -10 + 1 + (-120 - (-14 + -24 - -30)) + 12?
-109
What is -67 + (132 - (-4 + 13))?
56
Evaluate 4 + 7 + -9 - (-21 + 13 + 43 + 4).
-37
Evaluate (121 - 176 - 9) + (2 + -2 - 1) + -2.
-67
What is 7 + -1 - (30 - (-32 + 50))?
-6
What is the value of -52 + 54 + -12 + (46 - (-2 + 1))?
37
What is the value of -21 + -2 + (7 - -87 - 44)?
27
Calculate -8 + 0 + 4 + (7 - 15) + 60.
48
Evaluate (29 + -8 + 16 - 8) + (2 - 12) - -8.
27
Calculate (-11 - (-10 - (13 + (1 - 3)))) + 0 - 67.
-57
What is the value of -2 - -48 - ((-6 - 15) + 32 - (20 - 0))?
55
What is the value of -39 + 1 - (57 + -51 + 3)?
-47
(-9 - (-9 + 1)) + (-17 - -37) + -11 + 43
51
44 + -3 + (-8 - -10 - -5) + -3
45
What is 4 + -12 + (62 - 133) - -11?
-68
What is the value of (2 + 6 - (51 + -44) - 4) + -10?
-13
What is the value of 10 - (-9 - (-5 + 0 + (-17 - -15)) - 3)?
15
6 + 43 + (-46 - (-17 + 48))
-28
Evaluate -29 + (-17 - 9 - -25 - 27).
-57
11 + 24 + -126 + 53
-38
What is the value of 8 + -16 + 38 - 3 - 85?
-58
What is the value of -8 + (4 - 5 - -12) + (-5 - 8)?
-10
What is the value of (0 - (-83 - -1)) + -25 + (190 - 167)?
80
What is (9 + 1 + -17 - (0 + -1)) + -9?
-15
What is the value of 0 - -6 - (61 - (41 - -22)) - -65?
73
Calculate -14 + 15 + -17 + -3 - (-155 + 29).
107
Evaluate (-21 - -22) + (61 - 0 - (-16 + 10) - -3).
71
Calculate 109 - (-79 - (8 - 190)).
6
What is the value of -2 + -27 - (9 + (15 - 17) - 12)?
-24
4 + (28 - 5) + 14 + -4 + (1 - 5)
33
Calculate (-29 - (-55 - -17)) + -24.
-15
Evaluate 60 - ((146 + -141 - (1 + -8)) + 2).
46
What is the value of 102 - (44 - 28) - 40?
46
Calculate (9 - -5 - 5 - 0) + -7 + 10 + 14.
26
429 + -427 + (-4 + 3 - 24)
-23
Evaluate -28 + (0 + -6 - (-20 - (-7 - -3))).
-18
What is the value of 10 - (18 + -18 - -121)?
-111
What is the value of 183 - 184 - (-18 + 1 + 148)?
-132
-8 - (-20 + 11 - (-6 - (8 - 5)))
-8
What is (27 - -12) + (-21 - -23) - -62?
103
What is -164 + 72 - (6 + -3 + (6 - 4) - 6)?
-91
Calculate -463 - -488 - (11 + 1).
13
What is the value of 12 - 0 - (-347 + 348) - (-1 + 30)?
-18
-31 - (18 + -46) - -29
26
What is (-1919 - -1883) + 0 + (2 - 23)?
-57
Calculate (131 - 147) + 4 + (-2 - -1) - (-12 - 0).
-1
Evaluate 11 - (-17 + 47 + -4 + 8).
-23
Calculate 62 - 15 - (2 - 2) - 21.
26
Calculate (-1 - (-2 + 25)) + 1877 + -1816.
37
What is -26 + 1 - (-4736 - -4700)?
11
(20 - 107 - -85) + (-4 + 1 - -84)
79
Evaluate (46 - 84) + 1 + (22 - 21).
-36
Calculate -3 - -11 - (24 + -17 + -5) - -2 - 8.
0
2630 + -2603 + (0 - 24)
3
Calculate -342 - -357 - (-3 + -9).
27
What is -8 + (24 - 16) + (-12 - (-2 + 1 + 1))?
-12
What is 47 + -87 + 126 - 4?
82
What is the value of 25 + -15 - 1 - (-59 + 55)?
13
Evaluate 6 + (-33 - 23) + 48.
-2
Evaluate (7 - 16 - -37) + 1 - -24.
53
Calculate -8 - (4 + 4) - (-104 - -29) - 22.
37
What is -11 - (-2 - -6 - 1 - (81 - 19 - 64))?
-16
What is -48 + (2 - (5 + 4)) + (11 - -9)?
-35
What is 31 - -5 - (-1 + 25 + -2)?
14
Evaluate (149 - 47) + (-17 - (-7 + 1 + -2)).
93
Evaluate 27 - ((17 - 12) + 8) - -15.
29
Calculate -6 + -28 - 2 - -33.
-3
Calculate 0 + 10 - (25 + 0 - (309 + -290)).
4
Calculate -10367 + 10433 + 1 + -55.
12
Calculate 4824 + -4723 + -14 + 0 + -1 + 4.
90
Evaluate (13 - (-30 - -12)) + -18.
13
Evaluate 8 + -38 + 29 + 27 + -70.
-44
Evaluate (-1 - (7 + 0)) + (-29 + 25 - -23) + 40.
51
Evaluate -13 + -2 - (168 + -152 + (0 - 23)).
-8
Calculate -65 + 3 + 4687 + -4656.
-31
What is the value of -24 - -27 - (-12 - -30 - 14)?
-1
-19 + (62 - 0) + (-22 - -14)
35
Evaluate 221 + -256 - (-20 + 2) - (0 + 3).
-20
9 + (-